) + (-2 - 9) + 15 + -8 + 9.
4
What is -1 + -9 + (10 - 6) + (-5 + 4 - 85)?
-92
What is 1177 + -1181 + 2 + 1 + (-2 - 4)?
-7
Evaluate -2 + (108 - 225 - -40).
-79
What is the value of -2 + 0 + (15 - 40) + 4 + 32?
9
What is the value of -7 + (21 + -22 - -16) + -16?
-8
Evaluate -50 + -46 + -26 - -146.
24
What is -59 - (-25 + 12 + -9)?
-37
Calculate 44 + (-33 - (-44 - -18)) + (2 - (3 - 12)).
48
Evaluate (117 + -126 - -31) + 88.
110
Calculate -108 + 115 + -3 + -7.
-3
What is the value of (-11 - -9) + (-15 - -10 - -19 - -9)?
21
What is -12 + -8 + 10 - (13 - -5 - 22)?
-6
Calculate -22 + (-19 - (96 + -19) - (19 - 3)).
-134
Calculate (-68 - -28) + 2 + 51.
13
Calculate -2 + (23 - (36 + -20)) - (-12 + 6).
11
-36 - (-58 + 54) - -65
33
Evaluate -13 + -55 - (-18 + -9 - -12) - -12.
-41
Evaluate 47 - (-95 - -95 - (0 - ((-5 - -6) + 1))).
45
Calculate -28 - (-36 + (-9 - -27)) - (-7 + -12).
9
Calculate -9 + 2 + -73 + (-19 - -19).
-80
Calculate -37 + (1 + (-5 - -8) - (-20 + 9)).
-22
-1 + -6 + -3 + (12 - (-10 - -127) - -18)
-97
Evaluate 120 - 108 - (-5 - -18) - (-1 - 11 - -3).
8
Calculate 22 + (-19 - (0 + -15)) - 38.
-20
Calculate (6 - (7 + 0 - (6 + -51 + 7))) + -8.
-47
What is the value of -17 + (45 - 17) + (-13 - (5 + -7)) + 6?
6
Evaluate (19 - (21 + -5)) + -25 + 38.
16
12 + -20 + 129 - (36 + (-16 - 1))
102
Evaluate 8 - -9 - 6 - (-13 + -1 + (-22 - -64)).
-17
Calculate 157 - 178 - (-8 + -1).
-12
What is -6 - (-2 - -5) - -6 - (-1 - -29)?
-31
What is the value of -2 + -1 + -12 - 39 - (-17 - -5)?
-42
(-20 - (1 + 5 - (15 - 5))) + 11 + -18
-23
Evaluate -211 + 1 + (-5841 - -5966).
-85
Evaluate (-17 - (-16 + -8 + (-3 - -18))) + 45.
37
What is the value of 32 + 37 + -84 - -43?
28
-13 - (-141 + 45 - -75)
8
What is the value of 6 + (-33 - (-3 + 7))?
-31
Evaluate 0 - 31 - (56 - (33 + 19)) - -4.
-31
What is the value of 5 + -12 + 10 + (-10 + 2 - -18) + 9?
22
Evaluate -14 - (-2 - (-12 - (12 + -64))).
28
-2 - (55 - 304 - -117)
130
Evaluate (72 - 33) + 36 - 32 - -15.
58
What is the value of -134 + 26 - -46 - -57?
-5
What is 1 - (21 - (13 - (6 + -4 - -25)))?
-34
What is -34 + (46 + -8 - 0)?
4
(1 - (15 - (-7 - -21 - -1))) + 15
16
Evaluate -58 + (30 - 7) + -79 + 21.
-93
79 + (-8 - -2 - (-43 + 36)) + 5 + -10
75
What is the value of 2538 + -2514 - (-23 - -1)?
46
Evaluate 16 + (-99 - (30 + -64 + 0)).
-49
(-10 - 1) + 41 + -35 + -43
-48
Calculate 25 + -1 + 1 - (-23 + 7 + -390 + 397).
34
Evaluate (-9 - 1) + 70 + -51 + -70.
-61
What is the value of (1 - (63 - (6 + -4))) + (-100 + 63 - -37)?
-60
3 + -1 + (-2 - 2) + 247 + (13 - 170)
88
What is the value of -45 + 2 + 16 + (9 - (7 + 10 - -15))?
-50
Evaluate -2 + -33 + (45 - 25) + 5.
-10
Evaluate 82 + -1 + (-714 - -716) + (1 - 2) - -4.
86
What is -6 + 141 - (4 - (5 + -2) - (22 - 26))?
130
(39 - 82) + 74 - 15
16
What is the value of -51 + 2 - (-46 + 22 + 21)?
-46
Calculate 1335 + -1361 + (-1 - -43).
16
Calculate -71 - -40 - (3 - -14).
-48
What is (1206 - 1249) + 7 + 24?
-12
What is 36 + (-5 - 6) + -2 + -8 + 12 + 16?
43
Evaluate 28 - (47 + -25 + -36).
42
What is the value of (-42 - (-103 + 29)) + -109 + 0?
-77
What is the value of -26 - -80 - ((-16 - 1) + 13 + -18)?
76
What is the value of 74 - (1 + 21 + -21) - -2?
75
What is the value of (44 - 37 - (-6 - (-6 - -8))) + 76?
91
Evaluate 28 + -28 - (-29 - (-16 - (-27 + 13))).
27
Evaluate 2 + (6 + -7 - 6) + (3 - 4).
-6
What is 35 + -22 + -65 + 71?
19
(-88 + 78 - 38) + -19
-67
What is the value of -2 - -78 - (-28 + (0 + -4 - (348 + -368)))?
88
What is -64 - (-82 + -118 + 74)?
62
Evaluate 3 + (0 - 12) + -2 - (79 + -142 - -99).
-47
Evaluate (2 - -9) + -3 - (-10 - (18 - -46 - -7)).
89
Evaluate -147 - (-14 + -144) - 96.
-85
Evaluate -2 + 4 - 24 - (-45 - 25 - -84).
-36
What is 7 + (-28 - (0 + -12)) - (3 - -6)?
-18
Calculate 27 + (-96 - -80 - (-1 - (0 - -7))).
19
What is the value of -9 - (9 - (7 - 27))?
-38
What is (40 + 14 - 38) + 23 - (-1 + 7)?
33
3 + 7 + (31 + (-45 - 2) - 36)
-42
Evaluate -61 - (54 - (195 + 10)).
90
Evaluate (1 - -9 - 13 - -6) + -13 - -10 - 42.
-42
(9 - (5 + -8 - -9)) + 334 + -422
-85
What is (0 - -45 - -3) + (249 - 246)?
51
-44 + 1 + (-14 - (12 + -36 + 19))
-52
-1 + -12 + (6 - 2) + (-21 + 18 - 18)
-30
What is 3 + (-16 - (-4 - (-13 + 62)))?
40
What is 25 - 4 - (78 + (-68 - 26))?
37
60 + (-19 + 11 + 26 - 39)
39
Calculate (47 - 15) + -17 + 30 + (1 - 1) + 7.
52
What is the value of 26 + -13 + 19 + -4 - -17 - (-2 + -11)?
58
Evaluate -36 - (38 - 52) - (-4 + 27).
-45
Evaluate 6 - (16 + (9 - 12) + 1) - -40.
32
What is -29 + -5 - 1 - (-6 - -1 - -14 - 6)?
-38
What is the value of -24 + (-24 - -33) + -8 - -2?
-21
Calculate 2 + -5 + 27 + -3920 + 3933.
37
What is (-1 + (2 - -3) - 44) + -5 + 43 + -31?
-33
What is 5 + 0 - ((-43 - -2) + (12 - 8))?
42
Evaluate -17 - (673 - 705 - (-111 - 0)).
-96
What is the value of -8 - ((-113 - -91) + (1 - -11) + -106)?
108
What is the value of 21 + 1 - (100 + -115 - -20)?
17
Evaluate 96 + (-10 - (8 - ((11 - 3) + -2))) + -4.
80
Calculate (-67 - -30 - -37) + (3 - 5 - 0).
-2
What is the value of (32 - (-2 - -2)) + (-2136 - -2142)?
38
What is 49 + 0 + (-2 - -5 - 12) + 26 + -9?
57
What is the value of (16 - (-4 + -17)) + (1 - -3)?
41
What is 33 + (-81 - -21) + 12?
-15
What is the value of -21458 + 21430 + 0 + 2 + 2 + 0 + 8?
-16
15 - -71 - (-2 - -47)
41
Evaluate (-16 - -6 - -59) + -14 + -2 + 10.
43
What is (13 - ((21 - 12) + -13 - -12)) + 31?
36
What is the value of (-2 - (3 - -21)) + (161 - 159)?
-24
((30 - -5) + -70 - 20) + -34
-89
27 - (1 - (5 - 14)) - -1
18
Calculate (11 + -4 - 3) + (239 - 237) - 11.
-5
42 + 4 + 26 + 19 + -33 + -26
32
What is (-119 - -116 - (9 + -3)) + 10 - 24?
-23
What is (397 - 413) + 6 + 2 + 17?
9
Evaluate -64 + 32 + 5 + 6.
-21
What is the value of 2 - (-6 - ((-15 - -17) + -13 - -78))?
75
(0 + -31 - (15 - (2 - -6))) + (-11 - -6)
-43
What is the value of 13 - (-4 + 10 + -12 - 5)?
24
Evaluate 5 - ((6 - 32 - (34 - 27)) + 5).
33
Calculate -6 + 100 - (-3 + (-15 - (-30 + 2)) + 1).
83
What is the value of 7 + (5 - 45) - -5 - -33?
5
Calculate -47 + 37 + -1 + 1 + (-403 - -477).
64
Calculate -38 - -26 - -21 - 25.
-16
What is the value of -14 + (-23 + 15 - -1 - (-9 + 0))?
-12
Evaluate 82 - ((33 - (70 + -18)) + (5 - -1)).
95
11 - (-6 + -20 + 12 + 20)
5
What is the value of 32 - (0 + 9 - (30 - 27))?
26
Evaluate 1 + 20 + -2 + (11 - (-7 + 45)).
-8
What is the value of (-99 - 4) + 117 - 95?
-81
81 - ((-3 - -1) + 2 + (37 + -21 - 13))
78
(-90 - (-58 - -29)) + 49
-12
-2 + 43 - ((-82 - -49) + 23)
51
What is -102 - (38 - 113 - -43)?
-70
What is (66 - -22) + (11 - 40) + -24?
35
-6 - (-23 - 7 - (-14 + 5))
15
What is the value of -17 + (13 - 4) + -4 + (1 - 10)?
-21
Evaluate -37 + (3 - (-15 - 6)) - (-9 - 1).
-3
Calculate (16 + -3 - 3) + (-19 - -31) - 13.
9
Calculate 201 + -308 + 140 + 0 + -91.
-58
Evaluate 12 + 0 + -9 + -18 - (2 + -25) - -75.
83
Evaluate 33 - (18 + -2 + -38 + -40).
95
What is the value of (-4 - -1) + -392 + 415 + (-11 - -2) + -104?
-93
-48 + 32 - -12 - 41 - (9 + -1 + 1)
-54
What is the value of -50 - (28 - 12) - (-5 + 20 + -8)?
-73
(16 - -43) + -17 + 13 + 4 + -5
54
Evaluate -49 + (-67 - -8) + 57.
-51
Calculate 18 + (0 - -116) + 1 + -30.
105
-27 - 9 - -35 - -46
45
What is -1 + (16 - 23) + 14 - (30 + (-7 - -4))?
-21
What is 0 - 0 - 2 - (-22 + (-5 - (16 + -36)))?
5
(8 - (0 - -1)) + (7177 - 7176)
8
-23 + (-49 - (-38 - -19)) + 0
-53
-29 - -19 - (-57 + 60 - (12 - -1))
0
What is (-1 + -24 - (11 + -32)) + 10 + 0?
6
1 - (55 + (-14 + 15 - 0) + -6)
-49
1 + (52 - 39 - 69)
-55
Calculate (-9 - -57) + (2 - ((2 - -2) + 1)).
45
What is the value of -16 + (-3 - -2) + (-65 - -9) + 159?
86
Evaluate -37 + -1 + (0 - -59).
21
106 + 4 - (-120 + 49 - -88)
93
-153 - (-351 - -182) - (-97 - 0)
113
Calculate (17 - (9 + (8 - -22))) + (4 - -48).
30
What is (-2 - (-9 + 17 + 11)) + -34?
-55
Evaluate -878 + 855 - ((1 - 3) + (-2 - 0) + 3).
-22
What is -5 + (20 - 0) + -21 + 7 + -3?
-2
46 + -82 - -18 - (-8 + -1)
-9
What is -18 - -5 - -5 - -8 - (18 - -3)?
-21
Calculate -124 + (0 - -13 - (94 - 94)) + (-1 - -1).
-111
Calculate (91 - 23) + -16 - (-3 + (1 - (-8 - 0))).
46
What is -16 + 0 + 13 + 21 + 22?
40
What is the value of -20 + 19 + (-10 - 9) + 23 + 2 + -1?
4
What is the value of 19 + (-35 - -7) + (-52 - 7)?
-68
Evaluate 7 - ((1 - -79) + -69).
-4
-8 + 0 - (27 - (-19 + (-14 - (-1 - 16))))
